 + 14. Suppose -u - 13 = -2*z - q*u, 0 = -3*z + u + 18. What is the units digit of z?
5
Suppose g - 38 = 53. What is the tens digit of g?
9
Let l = -6 + 5. Let n(t) = 8*t**3 - 4*t**2 + t. Let r(d) = 25*d**3 - 13*d**2 + 4*d. Let q(i) = -7*n(i) + 2*r(i). What is the units digit of q(l)?
7
What is the units digit of (-7 + 5 + 3)*113/1?
3
Suppose n + 73 = 5*n + 5*h, -37 = -2*n - 3*h. What is the units digit of n?
7
What is the units digit of -6 + 160/26 - 1790/(-26)?
9
Suppose 4*t = 3*t + 3. Suppose 2*r = t*d + 77, 3*r - 5*d = 7*r - 121. What is the units digit of r?
4
Let z be 20/(-8)*(-212)/5. What is the units digit of z/14 - (-24)/(-42)?
7
Suppose 0 = -d - 2*d. Let s = 2 - -1. Suppose s*l = 6, 3*l + 6 = 4*g - d. What is the units digit of g?
3
What is the units digit of 37 + -34 + -42*1*-1?
5
Let x(g) = -2*g + 39. What is the tens digit of x(14)?
1
Let x = 14 - 10. Suppose x*t = -20 - 92. What is the units digit of 7/t - 33/(-4)?
8
Suppose 3*f - k = -4*k + 1017, -f + 314 = -4*k. What is the units digit of f?
4
Suppose r + 4*s + 19 = 0, -2 - 18 = 5*s. Let u = 1 - r. Suppose -n - 32 = -u*w - 0*n, -w = 4*n - 8. What is the units digit of w?
8
Let y(f) = -4*f + 3*f - f**2 + 1 + 6*f**2 + 2*f**2. What is the units digit of y(1)?
7
Let g(n) = -108*n**3 - 3*n**2 - 3*n - 1. What is the tens digit of g(-1)?
0
Let w(g) = -g - 3. Let i be w(-3). Suppose 9*c - 7*c - 54 = i. What is the tens digit of c?
2
What is the units digit of 2/4 - 518/(-28)?
9
Suppose -5*a + 149 = -181. What is the tens digit of a?
6
Let d(r) = -r**2 + 1. Let t(c) = -2*c - 1. Let u be t(-1). Let j be d(u). Suppose j = p - 3 - 1. What is the units digit of p?
4
Let q = -36 + 86. What is the units digit of q?
0
Let w(p) be the first derivative of p**4/4 - 7*p**3/3 + 3*p**2 + p - 3. What is the units digit of w(6)?
1
Let d = -36 + 93. What is the units digit of d?
7
Suppose -9 = 2*g + 1. What is the units digit of (-96)/g + (-8)/40?
9
Let t(i) = 6*i**2 + 1. Let k be ((-2)/5)/((-1)/(-5)). Let n = 3 + k. What is the units digit of t(n)?
7
Let o(b) = -b**3 + 6*b**2 - b + 6. Let j be o(6). Suppose 3*x + s - 139 = 0, 155 = 3*x - j*s + 5*s. Suppose 4*w = w + x. What is the tens digit of w?
1
Let y(s) = s**3 - s**2 - s + 3. Let z be y(0). Let b = 8 - z. Suppose -b*c = -c - 8. What is the units digit of c?
2
Let x(z) = z + 8. Let b(t) = 2*t + 16. Let f(k) = -6*b(k) + 13*x(k). What is the units digit of f(-7)?
1
Suppose -18 = -f - 5. Let t = f + -6. What is the units digit of t?
7
Let a = 25 + -1. What is the tens digit of a?
2
Let b = -25 + 68. What is the units digit of b?
3
Let v = 0 + 6. Suppose x - v = -1. What is the units digit of x?
5
Suppose 0 = -4*l - 0*i - 4*i + 96, 5*l = -4*i + 120. Suppose -q + 6*t - 3*t = -l, 4*t - 112 = -4*q. What is the units digit of q?
7
What is the tens digit of 4/22 - (-2218)/22?
0
Let q(k) = 10*k + 2. Let y be q(1). Let r = 43 + y. What is the units digit of r?
5
Let z be (0 - 0)*(-1)/2. Let a be (-34)/(-5)*(z - -5). Suppose 0*j - 4*o = -2*j + a, 5*j + 4*o = 15. What is the units digit of j?
7
Suppose -u = -3*o - 18, -2*u - 6*o + 7*o + 11 = 0. What is the units digit of u?
3
Suppose 0 = -5*b + 110 + 95. What is the units digit of b?
1
Let b be ((-27)/(-18))/(3/4). Suppose b*i = -i + 39. What is the units digit of i?
3
Let c(b) = -b - 12. Let x be c(-9). Let t be 73/6 + x/18. Suppose -r = -5*m + 9 + 7, -t = -4*r + m. What is the units digit of r?
4
Let x be 1/2 + (-5)/(-2). Suppose m - 2 = -x*f, -m + f = -0*f - 22. What is the units digit of m?
7
Let s be 2/6*12/4. What is the units digit of 1*(-1 - s - -3)?
1
Let o(l) = -l**2 + 2*l**2 - 1 - 2*l + 0*l**2 - 2. Let g be o(3). Suppose -d + 5*d - 16 = g. What is the units digit of d?
4
Suppose 16 = 5*h - h. Let m(w) = w**3 + 6*w**2 + 5*w - 4. Let j be m(-4). Let s = j - h. What is the units digit of s?
4
Let t(p) = 4*p + 17. What is the units digit of t(-4)?
1
Let o(h) = 2*h**2 - 5*h + 3. Let f(b) = b**2 + 1. Let i(m) = m**2 - 1. Let s be i(0). Let q(p) = s*o(p) + f(p). What is the units digit of q(3)?
4
Suppose 4*w + 4*i = -8, -w - w - 5*i = 4. What is the tens digit of 1 - 13*(w + 1)?
1
Let b(y) = y**3 + 4*y**2 + 1. Let s be b(-4). Let k(u) = -4*u - u**2 - s - 2*u + 3*u. What is the units digit of k(-2)?
1
Suppose -3 = 2*s - 5, 0 = 4*g + 2*s - 10. Let w(p) be the first derivative of p**4/4 - p**3 + 3*p**2/2 - p - 1. What is the units digit of w(g)?
1
Let r(w) = 2*w**2 + 4*w + 0*w - 2*w. What is the units digit of r(-4)?
4
Let u = -128 + 181. What is the units digit of u?
3
Suppose -4*s - s + 65 = 0. Suppose -d = 2*z - s, -z = 4*z - 3*d - 49. What is the units digit of z?
8
What is the units digit of 3/1*160/15?
2
Let g(r) = 4*r**2 + 2*r + 1. Let j be g(-1). Suppose 2*z = -j*z + 60. What is the units digit of (z/15)/(2/10)?
4
Let d = -19 + 29. Let t(s) = -6*s + d + 0*s + 5*s. What is the units digit of t(6)?
4
Let p(b) = b**3 + 5*b**2 - 10*b + 2. Suppose 0*y + 14 = -2*y. Let g be p(y). What is the units digit of g/(-4) + 2/4?
7
Suppose 2*t = -4 + 14. Suppose -4*r + 2*h = -r - 26, -t*h = -25. What is the tens digit of r?
1
Let h(k) = 3*k - 6. What is the tens digit of h(6)?
1
Suppose -5*j - 2*c = -j - 34, -4*j + 29 = -3*c. Let k = j - -8. What is the tens digit of k?
1
Let x = 89 - 48. Suppose -4*o = 5*h - x, -h - h + 17 = o. What is the units digit of h?
9
Suppose -4*z - 2*z - 36 = 0. Let y(c) = -5*c**2 - 6 + 6*c**2 + 6*c**2 + c**3 + 4*c. What is the units digit of y(z)?
6
Let y(i) = -4*i**3 - 2*i**2 - 2*i - 1. Let d be y(-1). What is the units digit of -3 + 17 + d + -1?
6
Let f = 12 - 6. Suppose v + 1 = f. Suppose -2*d - 1 = -v. What is the units digit of d?
2
Let z(r) = -5*r + 93. What is the tens digit of z(7)?
5
Suppose 5 = -2*m + 13. Suppose -2*c + 19 = 3*d, 8 = c + 4*d - m. What is the units digit of c?
8
Suppose 5*o + 5*r = 150, 2*o + 0*o - 3*r - 75 = 0. What is the tens digit of o?
3
Let m(x) = -x + 1. Let c(h) = 8*h - 7. Let n(q) = -c(q) - 5*m(q). Let u(g) = -g**3 + 4*g**2 - 5*g + 2. Let s be u(3). What is the units digit of n(s)?
4
Let d(b) = 16*b - 3. What is the hundreds digit of d(9)?
1
Let m(q) = 3*q**2 - 21*q + 20. Let s(y) = y**2 - 7*y + 7. Let w(i) = 4*m(i) - 11*s(i). What is the units digit of w(7)?
3
Suppose -b + 40 = 4*b. Let h = 12 - b. What is the units digit of h?
4
Let r(s) = s**2 + 8*s - 7. Let q = -5 - 4. Let c be r(q). Suppose 0 = -c*w + 19 - 5. What is the units digit of w?
7
Suppose 5 = f - 45. Suppose 3*g = 4*w - w, 5*w = -5*g + f. What is the units digit of w?
5
Let v(n) = -6*n - 4 + 2*n - 2*n - n**2. What is the units digit of v(-5)?
1
Let a = 1 - 2. Let z(k) = -6*k - 1. Let f be z(a). Suppose j + 3 = f. What is the units digit of j?
2
Let s(n) = -4*n**3 - 3*n**2 - 3*n - 3. Let h be s(-2). Suppose 14 = -l - 2. Let z = h + l. What is the units digit of z?
7
Let k(h) = 1 - 4*h + 2*h + 2*h + 3*h. What is the tens digit of k(4)?
1
Let v(m) = -2*m**3 - m**2 - 2*m + 242. What is the tens digit of v(0)?
4
Let i = 18 - 13. Suppose -5*y + i*n = 35, -y + 5*y - 3*n + 23 = 0. What is the units digit of ((-2)/1)/y*2?
2
Let w(t) = t**3 - 5*t**2 + 3*t + 7. Let l be w(5). What is the tens digit of (-2)/(-11) - (-832)/l?
3
Let a(r) = 8*r - 4. What is the units digit of a(6)?
4
Let r be 6/(-9)*375/(-10). Suppose -5*l - 13 = 2, r = n + 2*l. What is the tens digit of n?
3
Let x(l) = -l**2 + 1. Let d be x(-1). Let f be 1 - (-2 - d/(-3)). Suppose 28 = 3*u + 2*r + f, -2*r = -u - 5. What is the units digit of u?
5
Let h(v) = -v**2 - 11*v + 6. What is the units digit of h(-8)?
0
Let c = 250 - 96. What is the hundreds digit of c?
1
Suppose -2*j = -5*u - 178, -3*u = 2*j - 28 - 150. What is the units digit of j?
9
What is the units digit of (-10 + (-6)/(-6))*(-76)/6?
4
Let t(h) = 10*h. What is the units digit of t(2)?
0
Let y(i) be the first derivative of i**3/3 - 2*i**2 - 5*i - 1. Let r(j) = 2*j**2 - 4*j. Let g be r(3). What is the units digit of y(g)?
7
Let y(d) = -d - 6. Let u be y(-9). Suppose f + 6 = u*f. What is the units digit of f?
3
Suppose 4*n - 5 = 3*l, 2*n - 2*l - 1 = 3. Let b(w) = -18*w + 1. Let m be b(n). Suppose -4*i + 17 = s, 0 = s + 4*s - 2*i - m. What is the units digit of s?
5
Let r = 12 + -8. What is the units digit of 94/r + (-9)/18?
3
Suppose 5*h + p + 9 = 3*p, -5*p = -10. What is 